igit of 855114?
1
What is the tens digit of 1633735?
3
What is the hundred thousands digit of 3044269?
0
What is the units digit of 3015629?
9
What is the ten thousands digit of 549576?
4
What is the hundred thousands digit of 10405313?
4
What is the hundred thousands digit of 5178475?
1
What is the hundred thousands digit of 732717?
7
What is the units digit of 98477?
7
What is the hundreds digit of 2525161?
1
What is the ten thousands digit of 25162?
2
What is the tens digit of 862492?
9
What is the thousands digit of 9071241?
1
What is the units digit of 140083?
3
What is the tens digit of 37773068?
6
What is the millions digit of 2302364?
2
What is the thousands digit of 1376195?
6
What is the units digit of 258505?
5
What is the units digit of 1687520?
0
What is the ten thousands digit of 306738?
0
What is the ten millions digit of 13920195?
1
What is the tens digit of 571765?
6
What is the tens digit of 190396?
9
What is the hundreds digit of 2403997?
9
What is the thousands digit of 238046?
8
What is the thousands digit of 2530385?
0
What is the units digit of 93072?
2
What is the hundred thousands digit of 2125891?
1
What is the tens digit of 87332?
3
What is the hundreds digit of 4959732?
7
What is the thousands digit of 66643?
6
What is the hundred thousands digit of 800528?
8
What is the units digit of 410579?
9
What is the hundred thousands digit of 478305?
4
What is the tens digit of 2169179?
7
What is the thousands digit of 216747?
6
What is the tens digit of 63704?
0
What is the thousands digit of 8529?
8
What is the hundreds digit of 1174437?
4
What is the ten thousands digit of 2644517?
4
What is the ten thousands digit of 10168231?
6
What is the tens digit of 8180647?
4
What is the units digit of 29154423?
3
What is the hundred thousands digit of 236634?
2
What is the tens digit of 715293?
9
What is the hundred thousands digit of 901974?
9
What is the ten thousands digit of 10081081?
8
What is the tens digit of 2571176?
7
What is the hundred thousands digit of 6879207?
8
What is the thousands digit of 1057665?
7
What is the thousands digit of 5712591?
2
What is the thousands digit of 3020782?
0
What is the ten millions digit of 20917173?
2
What is the thousands digit of 136101?
6
What is the units digit of 1673767?
7
What is the hundred thousands digit of 727703?
7
What is the millions digit of 3792479?
3
What is the tens digit of 254705?
0
What is the units digit of 455104?
4
What is the ten thousands digit of 6341273?
4
What is the hundred thousands digit of 139406?
1
What is the hundreds digit of 9859863?
8
What is the hundreds digit of 2597303?
3
What is the hundreds digit of 160751?
7
What is the thousands digit of 216703?
6
What is the tens digit of 171450?
5
What is the units digit of 2618070?
0
What is the hundreds digit of 254481?
4
What is the thousands digit of 1149872?
9
What is the ten thousands digit of 213527?
1
What is the thousands digit of 26103299?
3
What is the hundreds digit of 145613?
6
What is the tens digit of 1153533?
3
What is the millions digit of 2038754?
2
What is the millions digit of 3482909?
3
What is the ten thousands digit of 123184?
2
What is the hundreds digit of 6573167?
1
What is the hundreds digit of 2059358?
3
What is the ten thousands digit of 418369?
1
What is the units digit of 28071001?
1
What is the units digit of 3957297?
7
What is the ten thousands digit of 871533?
7
What is the hundreds digit of 545981?
9
What is the tens digit of 672173?
7
What is the tens digit of 659852?
5
What is the thousands digit of 827848?
7
What is the units digit of 4778411?
1
What is the units digit of 1498247?
7
What is the hundreds digit of 236763?
7
What is the hundred thousands digit of 1589716?
5
What is the hundreds digit of 2399658?
6
What is the hundreds digit of 7733698?
6
What is the units digit of 385619?
9
What is the hundred thousands digit of 12301209?
3
What is the hundred thousands digit of 2111107?
1
What is the tens digit of 671105?
0
What is the ten thousands digit of 319132?
1
What is the units digit of 408882?
2
What is the units digit of 3555548?
8
What is the ten thousands digit of 2456506?
5
What is the units digit of 8433609?
9
What is the tens digit of 338109?
0
What is the ten thousands digit of 3091112?
9
What is the units digit of 4430994?
4
What is the hundred thousands digit of 644804?
6
What is the hundred thousands digit of 2061621?
0
What is the units digit of 5058?
8
What is the ten thousands digit of 308347?
0
What is the ten thousands digit of 4969792?
6
What is the units digit of 799995?
5
What is the hundreds digit of 3707416?
4
What is the tens digit of 58050?
5
What is the thousands digit of 832517?
2
What is the ten thousands digit of 7530436?
3
What is the thousands digit of 38613981?
3
What is the units digit of 310449?
9
What is the units digit of 8845740?
0
What is the tens digit of 12214010?
1
What is the thousands digit of 2603208?
3
What is the hundreds digit of 4365424?
4
What is the millions digit of 4152496?
4
What is the tens digit of 1257568?
6
What is the hundred thousands digit of 1583222?
5
What is the units digit of 1285393?
3
What is the hundreds digit of 8076?
0
What is the hundred thousands digit of 135653?
1
What is the units digit of 2552665?
5
What is the hundreds digit of 72458?
4
What is the ten thousands digit of 559563?
5
What is the units digit of 10778566?
6
What is the tens digit of 20598814?
1
What is the hundred thousands digit of 459877?
4
What is the tens digit of 931210?
1
What is the hundreds digit of 1606050?
0
What is the tens digit of 11175267?
6
What is the ten thousands digit of 193094?
9
What is the thousands digit of 12537389?
7
What is the units digit of 102545?
5
What is the ten thousands digit of 60150?
6
What is the units digit of 417239?
9
What is the thousands digit of 567114?
7
What is the ten thousands digit of 65123?
6
What is the millions digit of 4317219?
4
What is the hundreds digit of 428003?
0
What is the tens digit of 1260641?
4
What is the hundred thousands digit of 241767?
2
What is the ten thousands digit of 117894?
1
What is the hundred thousands digit of 5253402?
2
What is the thousands digit of 274119?
4
What is the thousands digit of 73692?
3
What is the hundreds digit of 12603854?
8
What is the millions digit of 1511978?
1
What is the thousands digit of 6982658?
2
What is the thousands digit of 202284?
2
What is the thousands digit of 525154?
5
What is the hundreds digit of 759892?
8
What is the units digit of 827096?
6
What is the tens digit of 72758?
5
What is the units digit of 39968?
8
What is the hundreds digit of 13399?
3
What is the tens digit of 297415?
1
What is the hundreds digit of 723760?
7
What is the ten thousands digit of 1416046?
1
What is the hundreds digit of 28383?
3
What is the hundred thousands digit of 2048291?
0
What is the hundred thousands digit of 493382?
4
What is the hundreds digit of 2979975?
9
What is the units digit of 702997?
7
What is the thousands digit of 184748?
4
What is the hundreds digit of 14012?
0
What is the units digit of 148889?
9
What is the ten thousands digit of 2383163?
8
What is the thousands digit of 181309?
1
What is the units digit of 6407133?
3
What is the tens digit of 1496336?
3
What is the hundred thousands digit of 294829?
2
What is the ten thousands digit of 160386?
6
What is the thousands digit of 323955?
3
What is the tens digit of 1624432?
3
What is the ten thousands digit of 18669481?
6
What is the thousands digit of 477755?
7
What is the hundreds digit of 24766342?
3
What is the units digit of 135198?
8
What is the hundreds digit of 96699?
6
What is the thousands digit of 8321353?
1
What is the hundred thousands digit of 571189?
5
What is the ten thousands digit of 1919097?
1
What is the thousands digit of 26614?
6
What is the hundreds digit of 2502542?
5
What is the millions digit of 1396239?
1
What is the ten thousands digit of 2758900?
5
What is the hundreds digit of 60959?
9
What is the hundred thousands digit of 19032347?
0
What is the tens digit of 1994770?
7
What is the tens digit of 3300604?
0
What is the ten thousands digit of 126645?
2
What is the units digit of 710208?
8
What is the tens digit of 370344?
4
What is the 